inder when 33045 is divided by 54?
51
What is the remainder when 5217 is divided by 1304?
1
What is the remainder when 13317 is divided by 5?
2
What is the remainder when 11104 is divided by 344?
96
What is the remainder when 25426 is divided by 1024?
850
Calculate the remainder when 3145 is divided by 26.
25
What is the remainder when 127201 is divided by 7949?
17
Calculate the remainder when 15530 is divided by 268.
254
Calculate the remainder when 15910 is divided by 3179.
15
Calculate the remainder when 105485 is divided by 1303.
1245
What is the remainder when 744169 is divided by 171?
148
What is the remainder when 11209 is divided by 509?
11
What is the remainder when 8587 is divided by 1907?
959
What is the remainder when 249909 is divided by 1231?
16
Calculate the remainder when 84048 is divided by 16798.
58
What is the remainder when 2995824 is divided by 85?
84
Calculate the remainder when 63218 is divided by 21071.
5
What is the remainder when 6206 is divided by 364?
18
Calculate the remainder when 161991 is divided by 175.
116
What is the remainder when 6641 is divided by 1?
0
Calculate the remainder when 19864 is divided by 169.
91
What is the remainder when 8870 is divided by 930?
500
What is the remainder when 9631 is divided by 393?
199
What is the remainder when 8782 is divided by 47?
40
Calculate the remainder when 3910 is divided by 6.
4
What is the remainder when 11196 is divided by 11?
9
Calculate the remainder when 111296 is divided by 229.
2
What is the remainder when 1637 is divided by 220?
97
Calculate the remainder when 25062 is divided by 25062.
0
What is the remainder when 406145 is divided by 201?
125
What is the remainder when 20238 is divided by 92?
90
Calculate the remainder when 5312 is divided by 15.
2
Calculate the remainder when 3496 is divided by 1727.
42
What is the remainder when 1629 is divided by 788?
53
Calculate the remainder when 7231 is divided by 7201.
30
Calculate the remainder when 20473 is divided by 52.
37
What is the remainder when 176340 is divided by 469?
465
Calculate the remainder when 144544 is divided by 9634.
34
What is the remainder when 629 is divided by 122?
19
What is the remainder when 1575 is divided by 388?
23
What is the remainder when 2625 is divided by 373?
14
What is the remainder when 729 is divided by 346?
37
What is the remainder when 4556 is divided by 10?
6
What is the remainder when 13482 is divided by 31?
28
What is the remainder when 15504 is divided by 39?
21
Calculate the remainder when 23664 is divided by 269.
261
Calculate the remainder when 719698 is divided by 15.
13
What is the remainder when 11295 is divided by 5514?
267
Calculate the remainder when 507 is divided by 41.
15
Calculate the remainder when 1021 is divided by 467.
87
What is the remainder when 350457 is divided by 66?
63
What is the remainder when 49553 is divided by 463?
12
What is the remainder when 1060 is divided by 74?
24
Calculate the remainder when 11520 is divided by 24.
0
Calculate the remainder when 278451 is divided by 32.
19
Calculate the remainder when 8772 is divided by 1692.
312
What is the remainder when 4078 is divided by 406?
18
What is the remainder when 4456 is divided by 645?
586
What is the remainder when 5419 is divided by 1803?
10
What is the remainder when 41237 is divided by 453?
14
Calculate the remainder when 158541 is divided by 123.
117
Calculate the remainder when 11725 is divided by 195.
25
Calculate the remainder when 4003 is divided by 693.
538
What is the remainder when 132719 is divided by 30?
29
Calculate the remainder when 190813 is divided by 356.
353
Calculate the remainder when 3174 is divided by 287.
17
Calculate the remainder when 67412 is divided by 69.
68
Calculate the remainder when 1720 is divided by 42.
40
Calculate the remainder when 324337 is divided by 169.
26
Calculate the remainder when 6467 is divided by 31.
19
Calculate the remainder when 155036 is divided by 816.
812
What is the remainder when 534959 is divided by 957?
953
What is the remainder when 2758 is divided by 151?
40
Calculate the remainder when 9725 is divided by 136.
69
Calculate the remainder when 71000 is divided by 49.
48
Calculate the remainder when 95132 is divided by 32.
28
What is the remainder when 4785 is divided by 406?
319
Calculate the remainder when 5311 is divided by 940.
611
What is the remainder when 1051 is divided by 191?
96
Calculate the remainder when 21583 is divided by 861.
58
Calculate the remainder when 199881 is divided by 137.
135
What is the remainder when 36625 is divided by 12176?
97
What is the remainder when 14070 is divided by 872?
118
Calculate the remainder when 37181 is divided by 23.
13
Calculate the remainder when 34183 is divided by 28.
23
Calculate the remainder when 41292 is divided by 2064.
12
Calculate the remainder when 152148 is divided by 143.
139
What is the remainder when 75547 is divided by 123?
25
What is the remainder when 36258 is divided by 6039?
24
Calculate the remainder when 88251 is divided by 71.
69
Calculate the remainder when 15114 is divided by 7545.
24
Calculate the remainder when 14984 is divided by 163.
151
What is the remainder when 161505 is divided by 46?
45
What is the remainder when 172897 is divided by 25?
22
Calculate the remainder when 108446 is divided by 37.
36
What is the remainder when 45085 is divided by 32?
29
Calculate the remainder when 7864 is divided by 34.
10
What is the remainder when 4102971 is divided by 513?
510
Calculate the remainder when 162377 is divided by 291.
290
Calculate the remainder when 100144 is divided by 2000.
144
Calculate the remainder when 84120 is divided by 21.
15
Calculate the remainder when 8336 is divided by 34.
6
Calculate the remainder when 352 is divided by 169.
14
Calculate the remainder when 113765 is divided by 134.
133
What is the remainder when 6647 is divided by 17?
0
Calculate the remainder when 22241 is divided by 166.
163
Calculate the remainder when 372140 is divided by 842.
818
Calculate the remainder when 55891 is divided by 24.
19
Calculate the remainder when 723519 is divided by 323.
322
Calculate the remainder when 23735 is divided by 41.
37
What is the remainder when 7396 is divided by 3672?
52
Calculate the remainder when 26357 is divided by 98.
93
What is the remainder when 380082 is divided by 62?
22
Calculate the remainder when 34676 is divided by 439.
434
What is the remainder when 117822 is divided by 22?
12
Calculate the remainder when 647 is divided by 552.
95
What is the remainder when 11986 is divided by 146?
14
What is the remainder when 14027 is divided by 119?
104
Calculate the remainder when 162298 is divided by 213.
205
Calculate the remainder when 48183 is divided by 32.
23
Calculate the remainder when 3634 is divided by 403.
7
What is the remainder when 27882 is divided by 27739?
143
What is the remainder when 241032 is divided by 212?
200
Calculate the remainder when 4029 is divided by 49.
11
What is the remainder when 73802 is divided by 219?
218
What is the remainder when 7105 is divided by 323?
322
What is the remainder when 123423 is divided by 551?
550
Calculate the remainder when 24585 is divided by 7913.
846
Calculate the remainder when 28124 is divided by 15.
14
What is the remainder when 10959 is divided by 54?
51
Calculate the remainder when 2088417 is divided by 5984.
1
Calculate the remainder when 1267065 is divided by 87.
84
Calculate the remainder when 32002 is divided by 1684.
6
Calculate the remainder when 537439 is divided by 160.
159
Calculate the remainder when 143823 is divided by 178.
177
Calculate the remainder when 11246 is divided by 1598.
60
What is the remainder when 62500 is divided by 7?
4
Calculate the remainder when 13060 is divided by 3.
1
What is the remainder when 2110 is divided by 17?
2
Calculate the remainder when 17222 is divided by 2456.
30
What is the remainder when 703 is divided by 143?
131
Calculate the remainder when 22001 is divided by 489.
485
What is the remainder when 251 is divided by 73?
32
What is the remainder when 17189 is divided by 8427?
335
Calculate the remainder when 4105 is divided by 682.
13
What is the remainder when 140028 is divided by 4828?
16
What is the remainder when 1